29?
2
What is the ten thousands digit of 88103106?
0
What is the hundreds digit of 2475106852?
8
What is the ten thousands digit of 41524373?
2
What is the hundred thousands digit of 614321078?
3
What is the ten millions digit of 6048940779?
4
What is the ten thousands digit of 1622094549?
9
What is the ten thousands digit of 50564342?
6
What is the units digit of 3568556810?
0
What is the hundred thousands digit of 732862?
7
What is the thousands digit of 1341228084?
8
What is the millions digit of 2115972018?
5
What is the thousands digit of 153064637?
4
What is the hundred millions digit of 5042717669?
0
What is the ten thousands digit of 33382146?
8
What is the thousands digit of 1329717103?
7
What is the units digit of 191375886?
6
What is the units digit of 1445597582?
2
What is the thousands digit of 1809296309?
6
What is the ten millions digit of 68883381?
6
What is the ten millions digit of 1003666783?
0
What is the units digit of 6187991?
1
What is the ten thousands digit of 15465812?
6
What is the ten thousands digit of 58647323?
4
What is the hundred millions digit of 1438626778?
4
What is the hundred millions digit of 477868255?
4
What is the ten millions digit of 70733723?
7
What is the ten thousands digit of 1842216959?
1
What is the thousands digit of 470422611?
2
What is the thousands digit of 58307866?
7
What is the hundred thousands digit of 970338660?
3
What is the billions digit of 1498383131?
1
What is the ten thousands digit of 2607770?
0
What is the ten thousands digit of 134410356?
1
What is the ten millions digit of 107145713?
0
What is the hundred thousands digit of 47288257?
2
What is the hundred thousands digit of 1388573004?
5
What is the ten thousands digit of 734979322?
7
What is the ten thousands digit of 5098732494?
3
What is the tens digit of 53443642?
4
What is the hundred thousands digit of 422804969?
8
What is the hundred thousands digit of 454037065?
0
What is the ten thousands digit of 99118533?
1
What is the tens digit of 206451574?
7
What is the hundred millions digit of 139935051?
1
What is the thousands digit of 371962529?
2
What is the ten thousands digit of 492563108?
6
What is the hundred thousands digit of 2519672984?
6
What is the ten thousands digit of 84026857?
2
What is the ten thousands digit of 58133626?
3
What is the millions digit of 3189931270?
9
What is the millions digit of 333945419?
3
What is the millions digit of 247982910?
7
What is the tens digit of 2923822609?
0
What is the tens digit of 40796997?
9
What is the units digit of 203103960?
0
What is the tens digit of 2165117193?
9
What is the hundred thousands digit of 4598244660?
2
What is the hundreds digit of 90251912?
9
What is the hundreds digit of 306926557?
5
What is the hundred thousands digit of 67135093?
1
What is the hundred millions digit of 346280826?
3
What is the ten millions digit of 179254934?
7
What is the hundred thousands digit of 36735208?
7
What is the thousands digit of 22870489?
0
What is the thousands digit of 338141862?
1
What is the hundred thousands digit of 65737077?
7
What is the hundred thousands digit of 89916938?
9
What is the millions digit of 4403444115?
3
What is the units digit of 317057833?
3
What is the hundred millions digit of 1712371073?
7
What is the units digit of 198695504?
4
What is the millions digit of 2192748515?
2
What is the hundreds digit of 1196632321?
3
What is the hundreds digit of 1539114571?
5
What is the thousands digit of 1093559311?
9
What is the ten thousands digit of 378147571?
4
What is the ten thousands digit of 1739043597?
4
What is the ten thousands digit of 696076200?
7
What is the thousands digit of 289966470?
6
What is the units digit of 4423477?
7
What is the thousands digit of 1798746628?
6
What is the tens digit of 62588159?
5
What is the hundred thousands digit of 182945293?
9
What is the hundreds digit of 22185700?
7
What is the ten thousands digit of 695233590?
3
What is the hundred millions digit of 805949192?
8
What is the units digit of 621022031?
1
What is the ten millions digit of 2487936510?
8
What is the millions digit of 4222082908?
2
What is the ten thousands digit of 6962055?
6
What is the hundred millions digit of 499260893?
4
What is the hundred thousands digit of 820980191?
9
What is the hundred thousands digit of 159389958?
3
What is the hundred thousands digit of 78300528?
3
What is the thousands digit of 1136456351?
6
What is the thousands digit of 107681471?
1
What is the ten thousands digit of 40513253?
1
What is the thousands digit of 617076723?
6
What is the thousands digit of 76526478?
6
What is the ten millions digit of 25679632?
2
What is the hundreds digit of 355738359?
3
What is the thousands digit of 1402673470?
3
What is the billions digit of 4251808558?
4
What is the thousands digit of 265387666?
7
What is the ten thousands digit of 69460748?
6
What is the ten millions digit of 1036641120?
3
What is the ten millions digit of 1678312882?
7
What is the billions digit of 7901295081?
7
What is the hundred thousands digit of 80185442?
1
What is the hundreds digit of 318930?
9
What is the thousands digit of 47105479?
5
What is the units digit of 40169316?
6
What is the tens digit of 73607006?
0
What is the ten thousands digit of 269207963?
0
What is the millions digit of 161344898?
1
What is the hundreds digit of 144587185?
1
What is the hundred thousands digit of 266027107?
0
What is the thousands digit of 643619213?
9
What is the ten thousands digit of 780060500?
6
What is the millions digit of 34689318?
4
What is the tens digit of 17161011?
1
What is the hundreds digit of 7532758?
7
What is the tens digit of 62498094?
9
What is the hundreds digit of 16744392?
3
What is the thousands digit of 122450576?
0
What is the billions digit of 3091259603?
3
What is the hundreds digit of 54469274?
2
What is the tens digit of 584850742?
4
What is the hundreds digit of 627988010?
0
What is the thousands digit of 122395918?
5
What is the units digit of 5021176198?
8
What is the ten thousands digit of 33248265?
4
What is the thousands digit of 298805132?
5
What is the hundreds digit of 73835803?
8
What is the hundreds digit of 58312441?
4
What is the hundred thousands digit of 1224427610?
4
What is the ten thousands digit of 179409010?
0
What is the thousands digit of 7247328252?
8
What is the hundreds digit of 1401148827?
8
What is the tens digit of 649734088?
8
What is the thousands digit of 204890461?
0
What is the hundred thousands digit of 1672049924?
0
What is the millions digit of 712440209?
2
What is the tens digit of 160596526?
2
What is the millions digit of 19124190?
9
What is the ten thousands digit of 39473639?
7
What is the hundred thousands digit of 46934826?
9
What is the hundreds digit of 301423842?
8
What is the ten millions digit of 499503465?
9
What is the ten millions digit of 55625772?
5
What is the ten thousands digit of 204057894?
5
What is the tens digit of 56795162?
6
What is the thousands digit of 24379092?
9
What is the thousands digit of 197685850?
5
What is the hundred thousands digit of 7728711849?
7
What is the hundred millions digit of 2709024141?
7
What is the ten millions digit of 349866228?
4
What is the ten thousands digit of 36549240?
4
What is the ten thousands digit of 892593884?
9
What is the ten millions digit of 3912457223?
1
What is the thousands digit of 185548365?
8
What is the hundred millions digit of 753229195?
7
What is the millions digit of 322155091?
2
What is the millions digit of 888052334?
8
What is the ten thousands digit of 10982016?
8
What is the thousands digit of 1755932736?
2
What is the thousands digit of 1378350767?
0
What is the ten thousands digit of 1748095652?
9
What is the hundreds digit of 431268119?
1
What is the hundred millions digit of 131926483?
1
What is the hundreds digit of 39951478?
4
What is the millions digit of 112998164?
2
What is the ten thousands digit of 136169101?
6
What is the millions digit of 43888353?
3
What is the hundred thousands digit of 643654931?
6
What is the millions digit of 1029125816?
9
What is the ten thousands digit of 73434689?
3
What is the hundred thousands digit of 42458299?
4
What is the units digit of 65457565?
5
What is the hundreds dig